he prime factors of z.
5
Suppose 5*m - 11 = -3*g, 4*m + g = -g + 10. What are the prime factors of m?
2
Suppose 0 = p - 2 - 3, 5*a - p - 20 = 0. Suppose 0 = f - a. Suppose 0 = n - f + 1. What are the prime factors of n?
2
Suppose -2*q + 5*n + 7 = -40, 2*q - 65 = -n. What are the prime factors of q?
31
Let v be 0 - ((-2)/2)/(-1). Let o be (1/v)/(3 - 2). What are the prime factors of (-1 - -2)/o + 8?
7
Let s = 6 + -4. Suppose -12 = -2*t - s*t. What are the prime factors of t?
3
Suppose 8*g = 3*g + 25, -g = -5*b + 275. What are the prime factors of b?
2, 7
Let y = 46 + -72. Let l = 50 + y. What are the prime factors of l?
2, 3
List the prime factors of -8*((-4)/8)/(2/56).
2, 7
Suppose 0 = -2*l + 4*l + 3*d - 19, 2 = 2*d. Suppose 5*m = -5*j + 20, -2*m + l = -0*j + 4*j. List the prime factors of m.
2
Suppose 4*m + m - 18 = -4*a, -4*m + 4 = -2*a. Suppose a*s = -2*j + 8, 4*j - 3*s = -s + 28. List the prime factors of j.
2, 3
Suppose 4*v = -v + 2*w + 5, 2*v = -4*w - 22. Let d = v - -4. What are the prime factors of d?
3
Suppose 25 = -4*f + 109. Let q = -31 + f. Let h = q - -20. What are the prime factors of h?
2, 5
Suppose 0 = -3*c + 4*s + 52, -4*s - 30 + 122 = 3*c. List the prime factors of c.
2, 3
Let c(g) = g**3 - 12*g**2 + 7*g - 6. What are the prime factors of c(12)?
2, 3, 13
Let x(y) = y**3 - 5*y**2 + 2*y - 8. Let a be x(6). Let o = a - 16. List the prime factors of o.
2, 3
Suppose 0*m = -m, 4*w = 4*m + 4. Let r = w - 2. What are the prime factors of 0/r + 0 + 10?
2, 5
Let n(k) = -114*k + 1. What are the prime factors of n(-1)?
5, 23
Suppose -5*n + 11 = -3*a, -2*a + 13 = 4*n - 9. Suppose -b + n*b = -4*u + 17, -b + u + 8 = 0. What are the prime factors of b?
7
List the prime factors of 12/(-9)*24/(-16).
2
Let c = -23 + 13. Let a = c + 16. What are the prime factors of a?
2, 3
Suppose 3*i = 8*x - 3*x + 24, -4*i = 3*x - 3. Suppose -i*z + 0*z = -66. List the prime factors of z.
2, 11
Let d(w) = w**3 - 9*w**2 - 9*w - 6. What are the prime factors of d(10)?
2
Suppose -42 = -4*a - 18. Suppose 3*b + z = -4, 0 = 2*b - 0*z + 5*z + 20. Let c = b + a. List the prime factors of c.
2, 3
Let r(c) = -c**2 - 5*c + 8. Let m be r(-6). Suppose -m*d = 2*f - 44, 3*d - 63 = f + 7. Suppose -3*y + d = -1. List the prime factors of y.
2
Let s = 18 - 3. Suppose 0 = -0*q - q + s. List the prime factors of q.
3, 5
Let v = 2 - -8. Let u = 6 + v. What are the prime factors of u?
2
Suppose -1 = -4*b + 7. Suppose 3*u + 2 - 5 = -i, -b*u + 4*i = -16. List the prime factors of 1/u*0 + 12.
2, 3
Let o = 170 + 10. What are the prime factors of o?
2, 3, 5
Suppose -12 = 4*k - 2*k. Suppose 0 = 5*j - 3 - 47. Let d = k + j. What are the prime factors of d?
2
Let w be -4*(0 + 6/(-8)). Suppose 0 = -w*r + 4*y - 24, -5*r + 8 = y + 25. List the prime factors of ((-6)/r)/((-12)/(-32)).
2
List the prime factors of (13/(-4))/((-2)/48) + -1.
7, 11
Suppose -a + 151 = 2*c, 3*a - 2*c = 3*c + 508. What are the prime factors of a?
7, 23
Let r = 35 + 185. What are the prime factors of r?
2, 5, 11
List the prime factors of (9/21 - 3734/(-42))*3.
2, 67
Let t be 1*-3*(-10)/6. Suppose -t*j - 21 + 156 = 0. List the prime factors of j.
3
Suppose -c + 303 = 7*q - 4*q, 5*c = -5*q + 1475. List the prime factors of c.
3, 97
Let l be (-5)/(-2)*28/35. Let m = 4 - l. What are the prime factors of m?
2
Suppose 8 = 3*g - 4*q, 7 = -3*q + 1. Suppose 3*j - 87 = -3*i, j + g*j = 2. Let f = i - 9. What are the prime factors of f?
2, 3
Let g = 798 + -502. List the prime factors of g.
2, 37
Let f = 43 - 29. What are the prime factors of f?
2, 7
Suppose 2*p = -3*p + 280. List the prime factors of p.
2, 7
Let k be ((2 - 2)/1)/(-2). Suppose 0*i + 3*i - 33 = k. List the prime factors of i.
11
Suppose 3*v + 10 = 8*v. Suppose -v*f + 3 = -f. Let a(t) = t**2 - t - 3. List the prime factors of a(f).
3
What are the prime factors of 4/(1/((-40)/(-4)))?
2, 5
Let h(f) = f**3 - 4*f**2 + 3*f - 3. List the prime factors of h(5).
37
Let s(r) be the third derivative of r**4/3 - 2*r**2. What are the prime factors of s(1)?
2
Let b(s) = -s + 11. Let k be b(0). Suppose p - 2*v = 2*p - k, -4*p - 2*v = -44. What are the prime factors of p?
11
Let a = 76 - 19. List the prime factors of a.
3, 19
Let m = 94 + -53. What are the prime factors of m?
41
Let a(k) = -k**2 + k - 4. Let r be a(0). Let q(v) = v**2 + 5*v + 4. Let o be q(r). What are the prime factors of -1 + 3 - (0 + o)?
2
Let z be (2/3)/(-1)*-18. Suppose 0 = 4*j - 0*j - z. Suppose -3*u = -j - 12. List the prime factors of u.
5
Let b = -45 + 88. What are the prime factors of b?
43
Suppose -6*b - 20 = -2*b. Let a(o) = 6*o - 1. Let r(c) = 5*c. Let p(f) = 3*a(f) - 4*r(f). What are the prime factors of p(b)?
7
Suppose -4 = 3*d + 11, r - 4*d - 208 = 0. List the prime factors of r.
2, 47
Let j = -16 - -26. Suppose -3*d = -4*g - 4, -3*g + d + j = 2*d. What are the prime factors of -2 - (1 - 13)/g?
2
Suppose -4*f + 25 = -n - 499, -2*n - 138 = -f. List the prime factors of f.
2, 5, 13
Let s be 0*(-1 + (-2 - -2)). Let i(g) = g**2 + g - 5. Let c be i(s). Let m(z) = -z + 6. List the prime factors of m(c).
11
Let i = 56 - -17. List the prime factors of i.
73
Suppose -7 = -2*f - 1, -3*f = 3*a + 9. Let y(i) = -i. What are the prime factors of y(a)?
2, 3
Let s(i) = 3*i**2 + 2*i + 4. List the prime factors of s(4).
2, 3, 5
Suppose 2*l + 1 = 3. What are the prime factors of 115/10*(l - -1)?
23
Let m be 3*(172/12 - 2). Let p be 1 + 5 - (0 - -1). Suppose -m - 3 = -p*g. List the prime factors of g.
2
Let h = -33 + 55. What are the prime factors of h?
2, 11
Let m(u) = 3*u**3 - 5*u**2 - 1. List the prime factors of m(4).
3, 37
Suppose 3*a + 3 = 6. Let x be a*0/(3 + -4). Suppose x*k - 2*k = -18. List the prime factors of k.
3
Let q = -3 + 5. Suppose 52 = 4*c + 2*t, -q*c - 2*c + 50 = 3*t. What are the prime factors of c?
2, 7
List the prime factors of ((-12)/10)/((-9)/2130).
2, 71
Let g(i) = i**2 - 6*i - 11. List the prime factors of g(9).
2
Let a(t) = -t**2 - 10*t + 6. Let u(l) = -l**3 + 10*l**2 - 2*l + 12. Let k be u(10). List the prime factors of a(k).
2, 11
Let o(g) = 6*g**2 + 3*g - 2. What are the prime factors of o(1)?
7
Suppose 0*p = -p + 75. What are the prime factors of p?
3, 5
Suppose -7*j + 4*j = -12. Suppose -j*p + 12 = -3*p. Let v = p + -8. What are the prime factors of v?
2
Let f be -3*(1 + 35/(-3)). Suppose -y + 24 = 3*x, 0 = 5*x + 2*y - f - 9. List the prime factors of x.
7
Let s(i) = 2*i**2 - 4. Let r be s(-4). Let n = 68 - r. What are the prime factors of n?
2, 5
Suppose -4*n + 8 = 4*k + k, 2 = n + 4*k. Suppose 30 + n = 4*f. Suppose f + 7 = 3*g. What are the prime factors of g?
5
Suppose -3*o + 4*y + 7 = -4*o, 4*o - 12 = 4*y. Let j(z) = 4*z**2 - 1. List the prime factors of j(o).
3
Suppose a + 4*h = 25, 5*a - 2*h - 10 = 5. Suppose 2*k - a*z + 14 = 0, 0*k + 16 = 4*k + z. What are the prime factors of k?
3
Suppose -8 = -4*w + 24. Let c = -13 - -16. What are the prime factors of (w/(-2))/((-1)/c)?
2, 3
Let c be 8/(-4) + -2 + 22. Let y = -19 + 6. Let x = c + y. What are the prime factors of x?
5
Let a = -5 - -9. Let x be (a - 5)*(1 + 22). Let k = x - -45. List the prime factors of k.
2, 11
Let d be (-24)/(-2 + (1 - 0)). Suppose -c + d = c. What are the prime factors of c?
2, 3
Let h = -5 + 8. What are the prime factors of (5/3)/(1/h)?
5
Let s = -6 - -5. Let m be 1 + -1*(s - -2). Suppose -n + 3 = m, 4*f + 2*n - 51 = n. List the prime factors of f.
2, 3
Let j(s) = 2*s**3 - 2*s**2 - s - 1. Let r be j(2). Suppose 5*x = 3*y - 5, -2*y + 5*x = -r*y + 25. Suppose -3*q + 31 = -y. List the prime factors of q.
2, 3
Suppose -7*y + 12 = -3*y. Suppose -y*d = -8 - 4. Suppose 0*o - 3*j = o + 10, d*j = -16. What are the prime factors of o?
2
Let n = -469 - -698. List the prime factors of n.
229
Let h(q) be the second derivative of q**4/12 - 5*q**3/6 - q**2/2 - 3*q. List the prime factors of h(6).
5
Let c(p) = -p**3 - 2*p**2 + 3*p + 4. Let o be 2 + (0 + -4 - 1). Let l be c(o). Suppose 0 = m + l*m - 40. What are the prime factors of m?
2
What are the prime factors of (-10)/40 + -11*39/(-4)?
107
Let k(f) = 5*f**2 - 13*f + 26. List the prime factors of k(6).
2
Let k = -6 - -6. Suppose k = -3*u - 15, -21 - 24 = -5*j + 4*u. Suppose 47 = j*y - 23. List the prime factors of y.
2, 7
Let y = 100 + -56. List the prime factors of 